1045207?
383
What is the greatest common factor of 2075 and 1738435?
415
Calculate the highest common factor of 946 and 258.
86
Calculate the highest common divisor of 731 and 4777.
17
Calculate the highest common factor of 30 and 35688.
6
Calculate the highest common divisor of 1365945 and 105.
105
Calculate the greatest common divisor of 1435794 and 36.
6
Calculate the highest common factor of 730 and 4045295.
365
Calculate the greatest common factor of 15925 and 16705.
65
Calculate the greatest common divisor of 6700 and 28408.
268
Calculate the greatest common factor of 26175 and 10575.
75
What is the highest common factor of 54960 and 12080?
80
Calculate the greatest common divisor of 94242 and 76614.
678
Calculate the greatest common divisor of 340 and 113730.
170
Calculate the highest common divisor of 3374 and 23786.
14
What is the highest common factor of 63264 and 3872?
32
Calculate the highest common factor of 16513 and 13143.
337
What is the highest common divisor of 20488 and 728?
104
What is the highest common factor of 1238 and 9?
1
What is the greatest common factor of 21 and 16009?
7
What is the greatest common factor of 50 and 25150?
50
Calculate the highest common divisor of 614 and 223803.
307
What is the highest common factor of 2450 and 84?
14
Calculate the greatest common factor of 3401222 and 1166.
1166
Calculate the highest common divisor of 36 and 22761.
9
What is the highest common factor of 832 and 4524?
52
What is the greatest common factor of 3000 and 96?
24
What is the highest common factor of 151913 and 146?
73
Calculate the greatest common divisor of 20050 and 4.
2
What is the greatest common divisor of 22688 and 928?
32
What is the greatest common factor of 120979 and 34521?
311
What is the greatest common divisor of 220139 and 58?
29
Calculate the greatest common divisor of 599580 and 45.
45
Calculate the highest common divisor of 1645 and 9212.
329
Calculate the greatest common factor of 1287 and 26169.
429
Calculate the greatest common factor of 85779 and 8119.
353
Calculate the greatest common divisor of 1004149 and 1477.
211
Calculate the highest common divisor of 1311680 and 40.
40
Calculate the greatest common divisor of 37698 and 2472.
618
Calculate the highest common factor of 128 and 9056384.
128
What is the greatest common divisor of 1932 and 462?
42
What is the greatest common factor of 89441 and 94?
47
Calculate the highest common factor of 217 and 6517.
7
What is the greatest common divisor of 14 and 60158?
14
What is the highest common divisor of 100401 and 441?
147
Calculate the greatest common divisor of 96 and 52464.
48
Calculate the highest common divisor of 160 and 2417.
1
What is the greatest common divisor of 4458 and 258?
6
What is the greatest common divisor of 65 and 108485?
65
Calculate the greatest common factor of 45076 and 573.
191
What is the highest common factor of 4399 and 3984?
83
What is the highest common divisor of 149 and 3878321?
149
Calculate the highest common divisor of 3124 and 3036.
44
What is the highest common divisor of 408252 and 117?
39
Calculate the greatest common factor of 7680 and 30.
30
What is the highest common factor of 1184 and 3108?
148
What is the greatest common factor of 5491 and 72998?
323
Calculate the greatest common factor of 183 and 6893.
61
What is the greatest common divisor of 212992 and 533?
13
Calculate the greatest common factor of 5 and 376895.
5
What is the greatest common factor of 927994 and 82?
82
What is the greatest common factor of 13 and 457795?
13
Calculate the highest common factor of 136 and 4063.
17
What is the greatest common divisor of 504328 and 44?
44
What is the greatest common divisor of 623 and 89?
89
What is the highest common factor of 39197 and 57?
19
Calculate the highest common divisor of 40051 and 88.
11
What is the greatest common factor of 55 and 302945?
5
What is the greatest common factor of 33970 and 4345?
395
What is the highest common factor of 12090929 and 59?
59
What is the greatest common factor of 480 and 115200?
480
Calculate the greatest common divisor of 6436 and 20.
4
Calculate the highest common divisor of 3240 and 176760.
360
What is the greatest common divisor of 2457 and 525?
21
What is the greatest common divisor of 63 and 1857492?
63
What is the greatest common factor of 3 and 52350?
3
What is the greatest common factor of 39 and 22893?
39
What is the highest common divisor of 2069412 and 24?
12
Calculate the greatest common factor of 728064 and 41238.
1422
What is the highest common factor of 42 and 814779?
21
Calculate the greatest common divisor of 897 and 208.
13
What is the greatest common factor of 1813 and 833?
49
Calculate the highest common factor of 106763 and 964.
241
Calculate the highest common divisor of 596 and 4.
4
Calculate the highest common divisor of 146544 and 19221.
129
What is the greatest common factor of 40150 and 10175?
275
What is the highest common divisor of 121 and 16203?
11
Calculate the greatest common divisor of 82 and 159408.
82
What is the greatest common divisor of 217 and 12524?
31
Calculate the highest common divisor of 21 and 43827.
21
What is the greatest common divisor of 726 and 3487?
11
What is the highest common factor of 6413 and 2?
1
What is the highest common factor of 8 and 1324?
4
What is the greatest common divisor of 11165 and 86317?
77
Calculate the highest common divisor of 735 and 715449.
147
Calculate the highest common divisor of 52779 and 482.
241
Calculate the highest common factor of 6 and 40758.
6
What is the greatest common factor of 123 and 75?
3
What is the highest common factor of 226 and 51302?
226
What is the highest common divisor of 12975 and 66432?
519
Calculate the highest common divisor of 70428 and 12.
12
Calculate the greatest common factor of 94691 and 529.
529
What is the highest common divisor of 21609 and 567?
63
Calculate the greatest common divisor of 27465 and 3225.
15
Calculate the highest common divisor of 69 and 124614.
69
What is the highest common divisor of 12096 and 368?
16
Calculate the highest common factor of 89102 and 1788.
298
What is the greatest common factor of 241286 and 17312?
1082
What is the greatest common divisor of 253 and 115?
23
Calculate the highest common factor of 34553 and 872.
109
What is the highest common divisor of 42028 and 9842?
266
What is the greatest common divisor of 17850 and 25075?
425
Calculate the highest common divisor of 300 and 211620.
60
Calculate the highest common divisor of 31 and 31961.
31
Calculate the highest common factor of 65 and 1045.
5
What is the highest common factor of 832302 and 216?
54
Calculate the highest common divisor of 12 and 2197488.
12
What is the highest common divisor of 33860 and 540?
20
What is the greatest common factor of 82587 and 6?
3
Calculate the greatest common factor of 60 and 729990.
30
What is the greatest common divisor of 890 and 4094?
178
What is the greatest common factor of 3024 and 114408?
504
What is the greatest common factor of 426 and 62054?
142
What is the greatest common factor of 9 and 3995910?
9
Calculate the greatest common factor of 14 and 1769026.
14
What is the greatest common divisor of 6320 and 10260?
20
What is the greatest common divisor of 45 and 116829?
9
Calculate the greatest common factor of 57150 and 2475.
225
Calculate the greatest common factor of 2895 and 375.
15
Calculate the greatest common factor of 3015 and 287765.
335
Calculate the greatest common factor of 32570 and 70.
10
What is the greatest common factor of 1504 and 28?
4
Calculate the highest common divisor of 6 and 691.
1
Calculate the highest common factor of 258498 and 108.
54
What is the greatest common factor of 30622 and 111946?
502
Calculate the highest common factor of 250 and 21950.
50
What is the greatest common divisor of 25996 and 56454?
194
What is the greatest common divisor of 39128 and 4824?
536
Calculate the greatest common divisor of 13 and 187668.
13
Calculate the greatest common factor of 1915894 and 1852.
926
What is the highest common divisor of 46 and 304474?
46
Calculate the highest common divisor of 1350 and 7650.
450
Calculate the greatest common factor of 175 and 579775.
175
Calculate the greatest common facto